?
5
Let y(v) = 128*v. Let b be y(1). Suppose 2*i - 6*i + b = 0. Suppose -3*w - w = -i. What is the units digit of w?
8
Suppose -5*t + 53 + 67 = 0. Let m = t - 5. What is the units digit of m?
9
Let n = 1 + 2. Let b be ((-2)/n)/((-1)/78). Suppose -3*r = -2 - b. What is the units digit of r?
8
Let x = -133 - -192. What is the tens digit of x?
5
Let b be (45/(-20))/((-1)/(-4)). Let c(s) = -24*s + 12. Let a be c(b). Suppose -a = -12*m + 8*m. What is the units digit of m?
7
Suppose -726 = 5*v + j + 3*j, 0 = 5*v - 4*j + 734. Let n = -70 - v. What is the tens digit of n?
7
Suppose 0 = -23*a + 28*a - 210. What is the hundreds digit of 2 - 1 - (-18)/4*a?
1
Suppose -2*w - 22 = -4*q, 2*w + 8 = -q - 2*w. Let r = q + 67. What is the tens digit of r?
7
Let b(s) = -6*s**3 + s**2 - 1. Let o be b(1). Let v = o - -49. Suppose -5*l + 4*l = -v. What is the units digit of l?
3
Suppose -3*t = -3*w + w + 101, -4*w - 131 = 3*t. Let n = 0 - t. What is the tens digit of n?
3
Let q = 23 - 18. Let c be (q/15)/(3/18). Suppose 1 = -c*d + 13. What is the units digit of d?
6
Let b(h) be the second derivative of h**8/6720 + 2*h**5/15 - 5*h**4/12 - 5*h. Let w(a) be the third derivative of b(a). What is the tens digit of w(0)?
1
Let k(w) = -w**3 - 10*w**2 + 9*w - 7. Let c be k(-12). Let b = -112 + c. What is the tens digit of b?
6
Suppose 2*u - v = 3*v - 148, -5*u - 4*v = 412. What is the units digit of (84/(-10))/(6/u)?
2
Let c be ((-10)/1)/(3/6). Let b(t) = -46*t**3 - 2*t - 3. Let n be b(-1). Let h = n + c. What is the tens digit of h?
2
Let j = -1842 + 3143. What is the hundreds digit of j?
3
Let i be 6*((-6)/(-36))/((-2)/(-6)). Suppose h - 4*h - i*b = -66, b = 0. What is the units digit of h?
2
Let t(o) = 3*o**3 + 8*o**2 + 7*o. Let k be t(-2). Let p be (-1)/(-5) + (-56)/(-20). What is the units digit of (-505)/(-10) - p/k?
1
Let s = -9 - -21. Suppose 10*y = s*y - 10. Suppose 209 = y*n - 31. What is the units digit of n?
8
Let p(k) = -k**2 - 18*k + 7. Let b be p(-9). Let d = 124 + b. What is the units digit of d?
2
Let g = 6 - 6. Suppose -4*q - 4*m + 52 = 0, -3*q + 3*m + m + 4 = g. What is the units digit of q?
8
Let h = 3144 - 1972. What is the tens digit of h?
7
Let n = 51 + 149. Let i = -92 + n. What is the units digit of i?
8
Let w(l) = 0*l**2 - 15 + 41 + 4*l + l**2. What is the hundreds digit of w(-12)?
1
Suppose 0*p + 4*p = 8, -p - 1520 = -2*n. What is the hundreds digit of n?
7
Let j(g) = 104*g**3 + 7*g**2 - 16*g + 2. What is the hundreds digit of j(2)?
8
Suppose 16 - 36 = -4*n, z + 13 = 3*n. Suppose -z*y - g = -7*y + 9, y = -2*g + 4. Suppose 5*f = -3*l + 34, y*l + f + 2*f - 24 = 0. What is the units digit of l?
8
Suppose 7*p - 4*p = 24. What is the tens digit of (-11 + p)*28/(-3)?
2
Suppose 0 = -3*h - 2*g - 27, 3*g + 8 + 1 = -h. Let f = -5 - h. What is the tens digit of 1/f - 189/(-12)?
1
Let n = -77 - -143. Let o = 92 - n. Suppose -o = -2*g + 14. What is the units digit of g?
0
Let y(g) = g + 10. Let h be y(-6). Suppose 3 = 3*o, -h*b + b + o = -488. What is the tens digit of b?
6
Suppose -3*q - 3*h + 338 = -4*h, 0 = h - 1. Suppose q = m + i, 0 = 4*m + 5*i + 151 - 605. What is the tens digit of m?
1
Let n be (-6)/8 + 1 + (-189)/(-28). Suppose -592 = -n*u + 66. What is the tens digit of u?
9
Suppose -5*h + 3*v = -914, 2*v = h + 2*h - 548. What is the units digit of h?
4
Let c = 18 + 2. Suppose 4*t - 2 = -4*u - u, 0 = -4*u + 4*t - c. Let v = 21 + u. What is the tens digit of v?
1
Let p(s) = -s + 2. Let y be p(-4). Suppose -4*r = -y*r - 20. What is the units digit of (0 - 2)*r/5?
4
Let a = -3573 - -5247. What is the units digit of a?
4
Let b(q) = -24*q**2 - 2*q + 6. Let x be b(2). Let i = -3 - x. What is the tens digit of i?
9
Let w(z) = 2*z + 5. Let c(p) = -p + 6. Let q(x) = -4*x + 30. Let j(g) = 14*c(g) - 3*q(g). Let a(v) = 7*j(v) + 6*w(v). What is the units digit of a(-9)?
6
Suppose -7*u - 6762 = -13*u. What is the thousands digit of u?
1
Suppose 11*c = 7*c + 20. Suppose 435 + 510 = c*g. What is the hundreds digit of g?
1
Suppose -2*i - 5*h + 242 = -25, 5*i = 5*h + 580. Suppose w = 3*y + i, -5*y - 343 = -w - 2*w. What is the units digit of w?
6
Let z(p) = p**2 + p - 3. Let a be z(-3). Suppose -2*o + 10 = a*o. Suppose 25 = o*c - c - v, 5*c = 3*v + 127. What is the tens digit of c?
2
Suppose 8*p + 5*p = 4*p. What is the tens digit of 42 + -1 + p + 6?
4
Suppose 0 = 7*s - 3 - 39. Suppose -5*b = -5*l - 80, -l = -s*l + 2*b - 77. Let a = 77 + l. What is the tens digit of a?
6
Let o = -11 - -13. Suppose -o*h = -h + 46. What is the tens digit of (15/30)/((-1)/h)?
2
Let r = 27 + -14. Suppose -19*d = -r*d - 78. What is the tens digit of d?
1
Let n(u) be the second derivative of -u**6/144 - 29*u**5/120 + 5*u**4/12 + 3*u. Let x(a) be the third derivative of n(a). What is the tens digit of x(-13)?
3
Let s = -13 - -17. Suppose c + 4*c = -t + 63, 18 = t - s*c. What is the units digit of t?
8
Suppose -2*n + 3202 = j + 866, 4*j = -n + 9323. What is the tens digit of j?
3
Let h be -10*(-3 - -4) - -1. Let o(l) = -l**3 - 8*l**2 + 13. What is the units digit of o(h)?
4
What is the tens digit of (-24)/(-72) - (-20468)/12?
0
Suppose 8*r - r - 21 = 0. Suppose 0*d - r*d - 5*k + 9 = 0, 3*k + 33 = 3*d. What is the units digit of d?
8
Let g = -2330 - -4960. What is the hundreds digit of g?
6
Suppose 4*s + 5*p - 16 - 55 = 0, 73 = 5*s + p. Suppose 0 = -s*k + 8*k + 1326. What is the hundreds digit of k?
2
Let i(m) = -68*m + 8. What is the units digit of i(-3)?
2
Suppose -243 = -4*v + 141. Let s be (-2)/(-9) + (-68)/(-18). Suppose -4*b + s*t = -v, -4*b + 34 + 65 = -5*t. What is the units digit of b?
1
Let r(n) = -13*n + 15. Let h be r(8). Let b = h + 172. What is the tens digit of b?
8
Let b(a) = 2*a**2 + 3*a + 14. Let t be (-2)/((-6)/(-15) - 0). What is the units digit of b(t)?
9
Let v = -13 + 1. Let o(a) = 2*a**2 + 3*a - 83. Let x be o(7). Let r = x + v. What is the tens digit of r?
2
Let o(m) = -m**2 + 5*m - 6. Let z be o(3). Let a be 10/3 - (-2)/(-6). Suppose 4*l + 104 = -j + 5*j, z = -a*j + 2*l + 80. What is the tens digit of j?
2
Suppose -4*w = 6*w + 60. Suppose -3*s + 27 = -n, -18 = -6*s + 3*s - 2*n. What is the units digit of 15/w*s/(-5)?
4
Suppose 4 = 2*j - 5*r - 0, r + 19 = 3*j. Suppose 335 = j*m - 1247. What is the hundreds digit of m?
2
Suppose -7275 + 22920 = 21*x. What is the units digit of x?
5
Let m(r) = 56*r + 3. What is the hundreds digit of m(11)?
6
Let m(b) = -2*b + 2. Let q(x) = -x**3 - x - 1. Let p(n) = 7*n**3 - 7*n**2 - 2*n + 14. Let a(c) = -p(c) - 6*q(c). Let d be a(8). What is the units digit of m(d)?
8
Let y be (-6)/18 + 17/(-3). Let x be (y - -6) + (3 - 5). What is the tens digit of x/(-6)*(58 + 2)?
2
Let u(n) = 44*n**3 - 5*n**2 + 5*n + 3. What is the tens digit of u(3)?
6
Let p(a) = -38*a + 51. Let o be p(-12). Suppose 10*h - 2497 = -o. What is the hundreds digit of h?
1
Suppose 2*c - 4005 = -4*m - 107, m + 2*c = 967. What is the units digit of m?
7
Let w(v) = 3*v - 24. Let u be w(4). Let y(m) = m + 21. What is the units digit of y(u)?
9
Suppose 0 = -6*w + w. Suppose w*g - 9 = -3*g. What is the units digit of (73 + -3)/(-1 + g)?
5
Let p = -23 - -28. Suppose -p*w + 3*s + 422 = 0, -2*w + 30 = -2*s - 142. What is the tens digit of w?
8
Let h(f) = -10*f**3 - 2*f**2 + 2. Let s(r) = r**3 + 6*r**2 + 4*r - 7. Let j be s(-5). What is the units digit of h(j)?
4
Suppose 0 = -2*s + 3*d + 1 + 1, 2*d = -3*s + 16. Suppose 4*t = -4*q + s + 16, -2*t + 10 = -2*q. Suppose t*p = 76 + 19. What is the units digit of p?
9
Let p(k) = -3*k**2 - k + 7. Let i(h) = -h**2 - 1. Let v(c) = -6*i(c) - p(c). Let o = 0 + 1. What is the units digit of v(o)?
9
Suppose 36 = -0*j + 4*j. Suppose 8*l - j*l = -2. Suppose -l*x - 15 = -37. What is the tens digit of x?
1
Let h = -40 - -38. Let c(b) = -29*b - 7. What is the units digit of c(h)?
1
Let t(j) = -3*j - 11. Let m(u) = -u**2 - 1. Let b(q) = -6*q**2 - 2*q - 1. Let s(k) = b(k) - 4*m(k). Let i be s(-3). What is the tens digit of t(i)?
1
Suppose -5*k = g + g, 4*g = -2*k. Let u = g - 1. What is the tens digit of -3 + 34 + u - -2?
3
Let v(p) = -6*p - 6 + 22 + 2*p + 3*p. Let y be v(0). Suppose 0 = 3*d - 94 + y. What is the units digit of d?
6
Let c be ((-129)/2)/(3/4) - 3. Let a = c + 396. What is the tens digit of a?
0
Suppose 0 = -5*j - 3*s + 449, -2*s = -3